{"id":86,"date":"2022-04-20T21:24:14","date_gmt":"2022-04-20T19:24:14","guid":{"rendered":"http:\/\/cech-toul.cz\/?page_id=86"},"modified":"2022-11-06T11:38:39","modified_gmt":"2022-11-06T10:38:39","slug":"sluzby","status":"publish","type":"page","link":"https:\/\/cech-toul.cz\/?page_id=86","title":{"rendered":"Ob\u010dansk\u00e9 pr\u00e1vo"},"content":{"rendered":"\n<p>Pr\u00e1vn\u00ed poradenstv\u00ed v oblasti ob\u010dansk\u00e9ho pr\u00e1va. Komplexn\u00ed p\u0159\u00edprava, revize \u010di anal\u00fdza smluvn\u00ed dokumentace v jazyce \u010desk\u00e9m a anglick\u00e9m (kupn\u00ed smlouvy, darovac\u00ed smlouvy, n\u00e1jemn\u00ed smlouvy, smlouvy o d\u00edlo apod.). P\u0159\u00edprava vzorov\u00e9 smluvn\u00ed dokumentace. Vyjedn\u00e1v\u00e1n\u00ed smluv. Pr\u00e1vn\u00ed poradenstv\u00ed p\u0159i vym\u00e1h\u00e1n\u00ed pohled\u00e1vek a dal\u0161\u00ed slu\u017eby dle individu\u00e1ln\u00edch po\u017eadavk\u016f klienta.<\/p>\n","protected":false},"excerpt":{"rendered":"<p>Pr\u00e1vn\u00ed poradenstv\u00ed v oblasti ob\u010dansk\u00e9ho pr\u00e1va. Komplexn\u00ed p\u0159\u00edprava, revize \u010di anal\u00fdza smluvn\u00ed dokumentace v jazyce \u010desk\u00e9m a anglick\u00e9m (kupn\u00ed smlouvy, darovac\u00ed smlouvy, n\u00e1jemn\u00ed smlouvy, smlouvy o d\u00edlo apod.). P\u0159\u00edprava vzorov\u00e9 smluvn\u00ed dokumentace. Vyjedn\u00e1v\u00e1n\u00ed smluv. Pr\u00e1vn\u00ed poradenstv\u00ed p\u0159i vym\u00e1h\u00e1n\u00ed pohled\u00e1vek a dal\u0161\u00ed slu\u017eby dle individu\u00e1ln\u00edch po\u017eadavk\u016f klienta.<\/p>\n","protected":false},"author":1,"featured_media":170,"parent":0,"menu_order":0,"comment_status":"closed","ping_status":"closed","template":"","meta":{"footnotes":""},"class_list":["post-86","page","type-page","status-publish","has-post-thumbnail","hentry"],"_links":{"self":[{"href":"https:\/\/cech-toul.cz\/index.php?rest_route=\/wp\/v2\/pages\/86","targetHints":{"allow":["GET"]}}],"collection":[{"href":"https:\/\/cech-toul.cz\/index.php?rest_route=\/wp\/v2\/pages"}],"about":[{"href":"https:\/\/cech-toul.cz\/index.php?rest_route=\/wp\/v2\/types\/page"}],"author":[{"embeddable":true,"href":"https:\/\/cech-toul.cz\/index.php?rest_route=\/wp\/v2\/users\/1"}],"replies":[{"embeddable":true,"href":"https:\/\/cech-toul.cz\/index.php?rest_route=%2Fwp%2Fv2%2Fcomments&post=86"}],"version-history":[{"count":6,"href":"https:\/\/cech-toul.cz\/index.php?rest_route=\/wp\/v2\/pages\/86\/revisions"}],"predecessor-version":[{"id":126,"href":"https:\/\/cech-toul.cz\/index.php?rest_route=\/wp\/v2\/pages\/86\/revisions\/126"}],"wp:featuredmedia":[{"embeddable":true,"href":"https:\/\/cech-toul.cz\/index.php?rest_route=\/wp\/v2\/media\/170"}],"wp:attachment":[{"href":"https:\/\/cech-toul.cz\/index.php?rest_route=%2Fwp%2Fv2%2Fmedia&parent=86"}],"curies":[{"name":"wp","href":"https:\/\/api.w.org\/{rel}","templated":true}]}}