{"id":20,"date":"2022-04-11T23:46:46","date_gmt":"2022-04-11T21:46:46","guid":{"rendered":"http:\/\/cech-toul.cz\/?page_id=20"},"modified":"2022-11-06T11:52:11","modified_gmt":"2022-11-06T10:52:11","slug":"kontakt","status":"publish","type":"page","link":"https:\/\/cech-toul.cz\/?page_id=20","title":{"rendered":"\u010cech &#038; Toul <br>Otakarova 1427\/41 <br>\u010cesk\u00e9 Bud\u011bjovice"},"content":{"rendered":"\n<figure class=\"wp-block-table\"><table><tbody><tr><td>Mgr. Ji\u0159\u00ed \u010cech, advok\u00e1t<br>cech@cech-toul.cz<br>Tel. +420 724 769 870<br>I\u010cO: 011 63 043<br><sup>Zaps\u00e1n v\u00a0seznamu advok\u00e1t\u016f veden\u00e9m \u010cAK pod \u010d. 14549<\/sup><\/td><td>Mgr. Filip Toul, advok\u00e1t<br>toul@cech-toul.cz<br>Tel. +420 725 593 133<br>I\u010cO: 720 15 250<br><sup>Zaps\u00e1n v\u00a0seznamu advok\u00e1t\u016f veden\u00e9m \u010cAK pod \u010d. 12749<\/sup><\/td><\/tr><\/tbody><\/table><\/figure>\n\n\n\n<p class=\"has-text-align-center\">Jana \u0160vecov\u00e1, BBus., asistentka<br>info@cech-toul.cz<br>Tel. +420 774 825 823<\/p>\n\n\n\n<figure class=\"wp-block-image size-full\"><img loading=\"lazy\" decoding=\"async\" width=\"866\" height=\"457\" src=\"http:\/\/cech-toul.cz\/wp-content\/uploads\/mapa.png\" alt=\"\" class=\"wp-image-147\" srcset=\"https:\/\/cech-toul.cz\/wp-content\/uploads\/mapa.png 866w, https:\/\/cech-toul.cz\/wp-content\/uploads\/mapa-300x158.png 300w, https:\/\/cech-toul.cz\/wp-content\/uploads\/mapa-768x405.png 768w\" sizes=\"auto, (max-width: 767px) 89vw, (max-width: 1000px) 54vw, (max-width: 1071px) 543px, 580px\" \/><\/figure>\n","protected":false},"excerpt":{"rendered":"<p>Mgr. Ji\u0159\u00ed \u010cech, advok\u00e1tcech@cech-toul.czTel. +420 724 769 870I\u010cO: 011 63 043Zaps\u00e1n v\u00a0seznamu advok\u00e1t\u016f veden\u00e9m \u010cAK pod \u010d. 14549 Mgr. Filip Toul, advok\u00e1ttoul@cech-toul.czTel. +420 725 593 133I\u010cO: 720 15 250Zaps\u00e1n v\u00a0seznamu advok\u00e1t\u016f veden\u00e9m \u010cAK pod \u010d. 12749 Jana \u0160vecov\u00e1, BBus., asistentkainfo@cech-toul.czTel. +420 774 825 823<\/p>\n","protected":false},"author":1,"featured_media":0,"parent":0,"menu_order":0,"comment_status":"closed","ping_status":"closed","template":"","meta":{"footnotes":""},"class_list":["post-20","page","type-page","status-publish","hentry"],"_links":{"self":[{"href":"https:\/\/cech-toul.cz\/index.php?rest_route=\/wp\/v2\/pages\/20","targetHints":{"allow":["GET"]}}],"collection":[{"href":"https:\/\/cech-toul.cz\/index.php?rest_route=\/wp\/v2\/pages"}],"about":[{"href":"https:\/\/cech-toul.cz\/index.php?rest_route=\/wp\/v2\/types\/page"}],"author":[{"embeddable":true,"href":"https:\/\/cech-toul.cz\/index.php?rest_route=\/wp\/v2\/users\/1"}],"replies":[{"embeddable":true,"href":"https:\/\/cech-toul.cz\/index.php?rest_route=%2Fwp%2Fv2%2Fcomments&post=20"}],"version-history":[{"count":20,"href":"https:\/\/cech-toul.cz\/index.php?rest_route=\/wp\/v2\/pages\/20\/revisions"}],"predecessor-version":[{"id":178,"href":"https:\/\/cech-toul.cz\/index.php?rest_route=\/wp\/v2\/pages\/20\/revisions\/178"}],"wp:attachment":[{"href":"https:\/\/cech-toul.cz\/index.php?rest_route=%2Fwp%2Fv2%2Fmedia&parent=20"}],"curies":[{"name":"wp","href":"https:\/\/api.w.org\/{rel}","templated":true}]}}