{"id":19,"date":"2022-04-11T23:46:46","date_gmt":"2022-04-11T21:46:46","guid":{"rendered":"http:\/\/cech-toul.cz\/?page_id=19"},"modified":"2022-04-20T22:11:11","modified_gmt":"2022-04-20T20:11:11","slug":"o-nas","status":"publish","type":"page","link":"https:\/\/cech-toul.cz\/","title":{"rendered":"O n\u00e1s"},"content":{"rendered":"\n<p>Jsme mlad\u00e1 advok\u00e1tn\u00ed kancel\u00e1\u0159, kter\u00e1 vznikla v roce 2016. S\u00eddl\u00edme v \u010cesk\u00fdch Bud\u011bjovic\u00edch, ale p\u016fsob\u00edme po cel\u00e9&nbsp;\u010cesk\u00e9 republice. V\u011bnujeme se gener\u00e1ln\u00ed pr\u00e1vn\u00ed praxi. Na\u0161e advok\u00e1tn\u00ed kancel\u00e1\u0159 poskytuje, d\u00edky specializaci jednotliv\u00fdch \u010dlen\u016f na\u0161eho t\u00fdmu, \u0161irokou \u0161k\u00e1lu pr\u00e1vn\u00edch slu\u017eeb, zejm\u00e9na v oblastech <a href=\"http:\/\/www.cech-toul.cz\/portland\">ob\u010dansk\u00e9ho pr\u00e1va<\/a>, <a href=\"http:\/\/www.cech-toul.cz\/portland-1\">pr\u00e1va obchodn\u00edch korporac\u00ed<\/a>, <a href=\"http:\/\/www.cech-toul.cz\/nemovitosti\">pr\u00e1va nemovitost\u00ed<\/a>, <a href=\"http:\/\/www.cech-toul.cz\/sprvn-prvo\">spr\u00e1vn\u00edho pr\u00e1va<\/a>, <a href=\"http:\/\/www.cech-toul.cz\/trestn-prvo\">trestn\u00edho pr\u00e1va<\/a>, rodinn\u00e9ho pr\u00e1va, <a href=\"http:\/\/www.cech-toul.cz\/nhrada-kody\">n\u00e1hrady \u0161kody<\/a> a ve\u0159ejn\u00fdch zak\u00e1zek. Zakl\u00e1d\u00e1me si na kvalit\u011b a v\u010dasnosti poskytovan\u00fdch pr\u00e1vn\u00edch slu\u017eeb a na d\u016fv\u011b\u0159e na\u0161ich klient\u016f. Pr\u00e1vn\u00ed slu\u017eby poskytujeme \u010desk\u00e9 i zahrani\u010dn\u00ed klientele v \u010desk\u00e9m a anglick\u00e9m jazyce.<\/p>\n","protected":false},"excerpt":{"rendered":"<p>Jsme mlad\u00e1 advok\u00e1tn\u00ed kancel\u00e1\u0159, kter\u00e1 vznikla v roce 2016. S\u00eddl\u00edme v \u010cesk\u00fdch Bud\u011bjovic\u00edch, ale p\u016fsob\u00edme po cel\u00e9&nbsp;\u010cesk\u00e9 republice. V\u011bnujeme se gener\u00e1ln\u00ed pr\u00e1vn\u00ed praxi. Na\u0161e advok\u00e1tn\u00ed kancel\u00e1\u0159 poskytuje, d\u00edky specializaci jednotliv\u00fdch \u010dlen\u016f na\u0161eho t\u00fdmu, \u0161irokou \u0161k\u00e1lu pr\u00e1vn\u00edch slu\u017eeb, zejm\u00e9na v oblastech ob\u010dansk\u00e9ho pr\u00e1va, pr\u00e1va obchodn\u00edch korporac\u00ed, pr\u00e1va nemovitost\u00ed, spr\u00e1vn\u00edho pr\u00e1va, trestn\u00edho pr\u00e1va, rodinn\u00e9ho pr\u00e1va, n\u00e1hrady \u0161kody &hellip; <\/p>\n<p class=\"link-more\"><a href=\"https:\/\/cech-toul.cz\/\" class=\"more-link\">Pokra\u010dovat ve \u010dten\u00ed<span class=\"screen-reader-text\"> &#8222;O n\u00e1s&#8220;<\/span><\/a><\/p>\n","protected":false},"author":1,"featured_media":0,"parent":0,"menu_order":0,"comment_status":"closed","ping_status":"closed","template":"","meta":{"footnotes":""},"class_list":["post-19","page","type-page","status-publish","hentry"],"_links":{"self":[{"href":"https:\/\/cech-toul.cz\/index.php?rest_route=\/wp\/v2\/pages\/19","targetHints":{"allow":["GET"]}}],"collection":[{"href":"https:\/\/cech-toul.cz\/index.php?rest_route=\/wp\/v2\/pages"}],"about":[{"href":"https:\/\/cech-toul.cz\/index.php?rest_route=\/wp\/v2\/types\/page"}],"author":[{"embeddable":true,"href":"https:\/\/cech-toul.cz\/index.php?rest_route=\/wp\/v2\/users\/1"}],"replies":[{"embeddable":true,"href":"https:\/\/cech-toul.cz\/index.php?rest_route=%2Fwp%2Fv2%2Fcomments&post=19"}],"version-history":[{"count":3,"href":"https:\/\/cech-toul.cz\/index.php?rest_route=\/wp\/v2\/pages\/19\/revisions"}],"predecessor-version":[{"id":89,"href":"https:\/\/cech-toul.cz\/index.php?rest_route=\/wp\/v2\/pages\/19\/revisions\/89"}],"wp:attachment":[{"href":"https:\/\/cech-toul.cz\/index.php?rest_route=%2Fwp%2Fv2%2Fmedia&parent=19"}],"curies":[{"name":"wp","href":"https:\/\/api.w.org\/{rel}","templated":true}]}}