{"id":104,"date":"2022-04-20T22:27:31","date_gmt":"2022-04-20T20:27:31","guid":{"rendered":"http:\/\/cech-toul.cz\/?page_id=104"},"modified":"2022-11-06T11:38:12","modified_gmt":"2022-11-06T10:38:12","slug":"nemovitosti","status":"publish","type":"page","link":"https:\/\/cech-toul.cz\/?page_id=104","title":{"rendered":"Nemovitosti"},"content":{"rendered":"\n<p>Pr\u00e1vn\u00ed poradenstv\u00ed p\u0159i ve\u0161ker\u00e9m nakl\u00e1d\u00e1n\u00ed s nemovitostmi (p\u0159evody nemovitost\u00ed, slu\u017eebnosti (v\u011bcn\u00e1 b\u0159emena), zat\u00ed\u017een\u00ed nemovitost\u00ed apod.). P\u0159\u00edprava, revize \u010di anal\u00fdza ve\u0161ker\u00e9 smluvn\u00ed dokumentace (smlouvy o p\u0159evodu nemovitost\u00ed, z\u0159\u00edzen\u00ed a zru\u0161en\u00ed slu\u017eebnost\u00ed, smlouvy o v\u00fdstavb\u011b, rezerva\u010dn\u00ed smlouvy, prohl\u00e1\u0161en\u00ed vlastn\u00edka apod.). Pr\u00e1vn\u00ed poradenstv\u00ed v oblasti n\u00e1jm\u016f, zejm\u00e9na n\u00e1jm\u016f komer\u010dn\u00edch nemovitost\u00ed (z pozice pronaj\u00edmatele i n\u00e1jemce). Bytov\u00e1 problematika. Komplexn\u00ed pr\u00e1vn\u00ed servis pro bytov\u00e1 dru\u017estva a spole\u010denstv\u00ed vlastn\u00edk\u016f jednotek. Advok\u00e1tn\u00ed \u00faschovy.<\/p>\n","protected":false},"excerpt":{"rendered":"<p>Pr\u00e1vn\u00ed poradenstv\u00ed p\u0159i ve\u0161ker\u00e9m nakl\u00e1d\u00e1n\u00ed s nemovitostmi (p\u0159evody nemovitost\u00ed, slu\u017eebnosti (v\u011bcn\u00e1 b\u0159emena), zat\u00ed\u017een\u00ed nemovitost\u00ed apod.). P\u0159\u00edprava, revize \u010di anal\u00fdza ve\u0161ker\u00e9 smluvn\u00ed dokumentace (smlouvy o p\u0159evodu nemovitost\u00ed, z\u0159\u00edzen\u00ed a zru\u0161en\u00ed slu\u017eebnost\u00ed, smlouvy o v\u00fdstavb\u011b, rezerva\u010dn\u00ed smlouvy, prohl\u00e1\u0161en\u00ed vlastn\u00edka apod.). Pr\u00e1vn\u00ed poradenstv\u00ed v oblasti n\u00e1jm\u016f, zejm\u00e9na n\u00e1jm\u016f komer\u010dn\u00edch nemovitost\u00ed (z pozice pronaj\u00edmatele i n\u00e1jemce). Bytov\u00e1 problematika. Komplexn\u00ed &hellip; <\/p>\n<p class=\"link-more\"><a href=\"https:\/\/cech-toul.cz\/?page_id=104\" class=\"more-link\">Pokra\u010dovat ve \u010dten\u00ed<span class=\"screen-reader-text\"> &#8222;Nemovitosti&#8220;<\/span><\/a><\/p>\n","protected":false},"author":1,"featured_media":170,"parent":0,"menu_order":0,"comment_status":"closed","ping_status":"closed","template":"","meta":{"footnotes":""},"class_list":["post-104","page","type-page","status-publish","has-post-thumbnail","hentry"],"_links":{"self":[{"href":"https:\/\/cech-toul.cz\/index.php?rest_route=\/wp\/v2\/pages\/104","targetHints":{"allow":["GET"]}}],"collection":[{"href":"https:\/\/cech-toul.cz\/index.php?rest_route=\/wp\/v2\/pages"}],"about":[{"href":"https:\/\/cech-toul.cz\/index.php?rest_route=\/wp\/v2\/types\/page"}],"author":[{"embeddable":true,"href":"https:\/\/cech-toul.cz\/index.php?rest_route=\/wp\/v2\/users\/1"}],"replies":[{"embeddable":true,"href":"https:\/\/cech-toul.cz\/index.php?rest_route=%2Fwp%2Fv2%2Fcomments&post=104"}],"version-history":[{"count":1,"href":"https:\/\/cech-toul.cz\/index.php?rest_route=\/wp\/v2\/pages\/104\/revisions"}],"predecessor-version":[{"id":105,"href":"https:\/\/cech-toul.cz\/index.php?rest_route=\/wp\/v2\/pages\/104\/revisions\/105"}],"wp:featuredmedia":[{"embeddable":true,"href":"https:\/\/cech-toul.cz\/index.php?rest_route=\/wp\/v2\/media\/170"}],"wp:attachment":[{"href":"https:\/\/cech-toul.cz\/index.php?rest_route=%2Fwp%2Fv2%2Fmedia&parent=104"}],"curies":[{"name":"wp","href":"https:\/\/api.w.org\/{rel}","templated":true}]}}

<p>Právní poradenství při veškerém nakládání s nemovitostmi (převody nemovitostí, služebnosti (věcná břemena), zatížení nemovitostí apod.). Příprava, revize či analýza veškeré smluvní dokumentace (smlouvy o převodu nemovitostí, zřízení a zrušení služebností, smlouvy o výstavbě, rezervační smlouvy, prohlášení vlastníka apod.). Právní poradenství v oblasti nájmů, zejména nájmů komerčních nemovitostí (z pozice pronajímatele i nájemce). Bytová problematika. Komplexní právní servis pro bytová družstva a společenství vlastníků jednotek. Advokátní úschovy.</p>

<p>Právní poradenství při veškerém nakládání s nemovitostmi (převody nemovitostí, služebnosti (věcná břemena), zatížení nemovitostí apod.). Příprava, revize či analýza veškeré smluvní dokumentace (smlouvy o převodu nemovitostí, zřízení a zrušení služebností, smlouvy o výstavbě, rezervační smlouvy, prohlášení vlastníka apod.). Právní poradenství v oblasti nájmů, zejména nájmů komerčních nemovitostí (z pozice pronajímatele i nájemce). Bytová problematika. Komplexní &hellip; </p>
<p class="link-more"><a href="https://cech-toul.cz/?page_id=104" class="more-link">Pokračovat ve čtení<span class="screen-reader-text"> &#8222;Nemovitosti&#8220;</span></a></p>
